n 50954 is divided by 70?
64
Calculate the remainder when 87995 is divided by 10998.
11
What is the remainder when 9624 is divided by 30?
24
Calculate the remainder when 16460 is divided by 922.
786
What is the remainder when 6596 is divided by 750?
596
Calculate the remainder when 984628 is divided by 115.
113
Calculate the remainder when 41603 is divided by 157.
155
Calculate the remainder when 105575 is divided by 332.
331
Calculate the remainder when 2948 is divided by 292.
28
What is the remainder when 9405 is divided by 863?
775
What is the remainder when 25715 is divided by 31?
16
Calculate the remainder when 51963 is divided by 17293.
84
Calculate the remainder when 173994 is divided by 445.
444
Calculate the remainder when 4060 is divided by 452.
444
What is the remainder when 9991 is divided by 7?
2
What is the remainder when 3145 is divided by 285?
10
What is the remainder when 17862 is divided by 35?
12
Calculate the remainder when 1810 is divided by 123.
88
What is the remainder when 957709 is divided by 28?
25
Calculate the remainder when 54849 is divided by 75.
24
What is the remainder when 80250 is divided by 333?
330
Calculate the remainder when 52663 is divided by 4.
3
What is the remainder when 2657 is divided by 1065?
527
Calculate the remainder when 16163 is divided by 16106.
57
Calculate the remainder when 50399 is divided by 100.
99
What is the remainder when 78803 is divided by 1212?
23
What is the remainder when 420664 is divided by 13?
10
What is the remainder when 469500 is divided by 128?
124
What is the remainder when 67281 is divided by 1776?
1569
What is the remainder when 4318 is divided by 653?
400
What is the remainder when 5906 is divided by 1955?
41
Calculate the remainder when 3026 is divided by 1481.
64
Calculate the remainder when 109 is divided by 12.
1
Calculate the remainder when 12284 is divided by 84.
20
What is the remainder when 213741 is divided by 319?
11
What is the remainder when 5367 is divided by 1335?
27
What is the remainder when 3566496 is divided by 1583?
1580
What is the remainder when 22273 is divided by 43?
42
Calculate the remainder when 72212 is divided by 354.
350
What is the remainder when 169321 is divided by 65?
61
What is the remainder when 16650 is divided by 183?
180
Calculate the remainder when 17246 is divided by 93.
41
What is the remainder when 801439 is divided by 251?
247
Calculate the remainder when 4848 is divided by 80.
48
What is the remainder when 374784 is divided by 15615?
24
Calculate the remainder when 2093 is divided by 45.
23
Calculate the remainder when 2998 is divided by 418.
72
Calculate the remainder when 773587 is divided by 1595.
12
Calculate the remainder when 6005 is divided by 35.
20
What is the remainder when 6511 is divided by 8?
7
What is the remainder when 41204 is divided by 303?
299
What is the remainder when 1884 is divided by 111?
108
What is the remainder when 34794 is divided by 565?
329
Calculate the remainder when 1646 is divided by 346.
262
What is the remainder when 29439 is divided by 14?
11
What is the remainder when 12591 is divided by 106?
83
Calculate the remainder when 22239 is divided by 7395.
54
Calculate the remainder when 76087 is divided by 3043.
12
What is the remainder when 16071 is divided by 1888?
967
What is the remainder when 15907 is divided by 234?
229
What is the remainder when 7495 is divided by 679?
26
Calculate the remainder when 1976003 is divided by 36.
35
What is the remainder when 7997 is divided by 131?
6
What is the remainder when 3314 is divided by 98?
80
What is the remainder when 1815 is divided by 204?
183
What is the remainder when 131130 is divided by 103?
11
What is the remainder when 5662 is divided by 940?
22
Calculate the remainder when 265157 is divided by 1012.
13
What is the remainder when 11800 is divided by 66?
52
What is the remainder when 7746 is divided by 1105?
11
What is the remainder when 16977 is divided by 9?
3
What is the remainder when 45284 is divided by 222?
218
Calculate the remainder when 11785 is divided by 369.
346
What is the remainder when 11050 is divided by 201?
196
What is the remainder when 972 is divided by 412?
148
What is the remainder when 117797 is divided by 29?
28
Calculate the remainder when 31686 is divided by 36.
6
Calculate the remainder when 1981 is divided by 95.
81
Calculate the remainder when 397449 is divided by 320.
9
Calculate the remainder when 2540 is divided by 1231.
78
What is the remainder when 122597 is divided by 15323?
13
Calculate the remainder when 14320 is divided by 58.
52
Calculate the remainder when 3126 is divided by 1034.
24
What is the remainder when 2468 is divided by 347?
39
Calculate the remainder when 308336 is divided by 154162.
12
Calculate the remainder when 7505 is divided by 201.
68
What is the remainder when 4091 is divided by 817?
6
Calculate the remainder when 1744 is divided by 194.
192
Calculate the remainder when 688004 is divided by 643.
637
Calculate the remainder when 1574 is divided by 99.
89
What is the remainder when 76733 is divided by 9588?
29
What is the remainder when 7324 is divided by 430?
14
What is the remainder when 3940 is divided by 58?
54
What is the remainder when 14014 is divided by 143?
0
What is the remainder when 125750 is divided by 20958?
2
What is the remainder when 31732 is divided by 18?
16
Calculate the remainder when 35962 is divided by 327.
319
What is the remainder when 7913 is divided by 22?
15
Calculate the remainder when 13057 is divided by 6528.
1
What is the remainder when 5247 is divided by 1546?
609
Calculate the remainder when 11618 is divided by 237.
5
Calculate the remainder when 1011 is divided by 1.
0
Calculate the remainder when 13005 is divided by 566.
553
Calculate the remainder when 524 is divided by 356.
168
Calculate the remainder when 13824 is divided by 118.
18
Calculate the remainder when 168212 is divided by 33.
11
Calculate the remainder when 38454 is divided by 12816.
6
What is the remainder when 2304851 is divided by 44?
43
What is the remainder when 4146 is divided by 72?
42
Calculate the remainder when 58035 is divided by 1367.
621
What is the remainder when 10428 is divided by 156?
132
Calculate the remainder when 3969 is divided by 393.
39
What is the remainder when 686848 is divided by 65?
58
Calculate the remainder when 66437 is divided by 151.
148
Calculate the remainder when 46410 is divided by 221.
0
Calculate the remainder when 8878 is divided by 2917.
127
What is the remainder when 26179 is divided by 4355?
49
Calculate the remainder when 1315138 is divided by 15.
13
What is the remainder when 2449 is divided by 163?
4
Calculate the remainder when 4044381 is divided by 36.
33
Calculate the remainder when 181353 is divided by 339.
327
What is the remainder when 9894 is divided by 12?
6
What is the remainder when 47709 is divided by 13?
12
What is the remainder when 338665 is divided by 206?
1
Calculate the remainder when 3784 is divided by 476.
452
Calculate the remainder when 172284 is divided by 1038.
1014
What is the remainder when 3119 is divided by 59?
51
What is the remainder when 20970 is divided by 6887?
309
What is the remainder when 29698 is divided by 14834?
30
What is the remainder when 13598 is divided by 50?
48
What is the remainder when 1350 is divided by 254?
80
Calculate the remainder when 340324 is divided by 74.
72
What is the remainder when 134370 is divided by 509?
503
What is the remainder when 2964 is divided by 434?
360
Calculate the remainder when 2156 is divided by 928.
300
Calculate the remainder when 458622 is divided by 788.
6
Calculate the remainder when 1681 is divided by 751.
179
Calculate the remainder when 3655 is divided by 22.
3
Calculate the remainder when 1570 is divided by 260.
10
What is the remainder when 5582 is divided by 193?
178
Calculate the remainder when 4507 is divided by 301.
293
What is the remainder when 277 is divided by 273?
4
Calculate the remainder when 96578 is divided by 570.
248
What is the remainder when 615532 is divided by 2005?
2002
What is the remainder when 870222 is divided by 397?
395
What is the remainder when 235128 is divided by 117560?
8
Calculate the remainder when 28960 is divided 